{"id":111,"date":"2016-05-11T12:51:46","date_gmt":"2016-05-11T17:21:46","guid":{"rendered":"http:\/\/comisiondeportivatouring.com\/site\/?page_id=111"},"modified":"2016-05-12T23:06:37","modified_gmt":"2016-05-13T03:36:37","slug":"karting","status":"publish","type":"page","link":"http:\/\/comisiondeportivatouring.com\/site\/index.php\/karting\/","title":{"rendered":"Karting"},"content":{"rendered":"<p><img loading=\"lazy\" class=\"size-medium wp-image-112 alignleft\" src=\"http:\/\/comisiondeportivatouring.com\/site\/wp-content\/uploads\/2016\/05\/karting02-300x200.jpg\" alt=\"karting02\" width=\"300\" height=\"200\" srcset=\"http:\/\/comisiondeportivatouring.com\/site\/wp-content\/uploads\/2016\/05\/karting02-300x200.jpg 300w, http:\/\/comisiondeportivatouring.com\/site\/wp-content\/uploads\/2016\/05\/karting02.jpg 600w\" sizes=\"(max-width: 300px) 100vw, 300px\" \/>Los karts ejercen sobre muchos de nosotros una rara fascinaci\u00f3n, a\u00fan desde peque\u00f1os, tal vez por su parecido a un auto peque\u00f1o, como de juguete. Pero los karts no tienen nada de infantiles; es m\u00e1s, es un deporte dif\u00edcil y ampliamente practicado en todo el mundo, con campeonatos mundiales organizados peri\u00f3dicamente. Pero, comenzando desde el principio, \u00bfqu\u00e9 es un kart?<br \/>\nUn kart es un veh\u00edculo peque\u00f1o, de un solo asiento, sin techo ni sistema de suspensi\u00f3n, impulsado por un motor de un solo cilindro. Tiene tracci\u00f3n posterior y las ruedas delanteras se encargan s\u00f3lo de la direcci\u00f3n.<\/p>\n<p>&nbsp;<\/p>\n<p>La disciplina deportiva sobre la que se basa su uso recibe el nombre de karting, y se practica <img loading=\"lazy\" class=\"alignright wp-image-113\" src=\"http:\/\/comisiondeportivatouring.com\/site\/wp-content\/uploads\/2016\/05\/karting03-300x200.jpg\" alt=\"karting03\" width=\"125\" height=\"83\" srcset=\"http:\/\/comisiondeportivatouring.com\/site\/wp-content\/uploads\/2016\/05\/karting03-300x200.jpg 300w, http:\/\/comisiondeportivatouring.com\/site\/wp-content\/uploads\/2016\/05\/karting03.jpg 600w\" sizes=\"(max-width: 125px) 100vw, 125px\" \/>sobre circuitos que pueden tener hasta 1700 m de longitud y 15 m de ancho. Las competencias pueden acoger hasta 34 karts en una misma carrera.<\/p>\n<p>&nbsp;<\/p>\n<p><img loading=\"lazy\" class=\"alignleft wp-image-114 size-thumbnail\" src=\"http:\/\/comisiondeportivatouring.com\/site\/wp-content\/uploads\/2016\/05\/karting05-150x150.jpg\" alt=\"karting05\" width=\"150\" height=\"150\" \/>La instituci\u00f3n dedicada a estandarizar la pr\u00e1ctica del karting y a determinar sus reglas recibe el nombre de Comisi\u00f3n Internacional de Karting, y es parte de la FIA (Federaci\u00f3n Internacional de Automovilismo). Las \u00faltimas directivas importantes dadas por la CIK fueron los cambios en las categor\u00edas del karting.<br \/>\nAs\u00ed, existen las categor\u00edas KF1, KF2, KF3 y KF4 (\u00e9sta \u00faltima es la b\u00e1sica), as\u00ed como la KZ1 y KZ2 (superiores). En las categor\u00edas KF, los karts tienen motores de 125 cc, sin caja de cambios y refrigerados por agua o aire. Cada categor\u00eda KF se diferencia de las otras por sus especificaciones t\u00e9cnicas, referidas a los silenciadores, carburadores, n\u00famero m\u00e1ximo de revoluciones y otros. En las categor\u00edas KZ se utilizan motores con la misma cilindrada pero con caja de cambios y refrigerados por agua.<br \/>\nDebido a lo peligroso que resulta practicar el karting por la posibilidad de un vuelco o un choque y a falta de<br \/>\ncarrocer\u00eda, es indispensable que el kartista tenga el siguiente equipo de <img loading=\"lazy\" class=\"alignright wp-image-115 size-medium\" src=\"http:\/\/comisiondeportivatouring.com\/site\/wp-content\/uploads\/2016\/05\/karting04-300x200.jpg\" alt=\"karting04\" width=\"300\" height=\"200\" srcset=\"http:\/\/comisiondeportivatouring.com\/site\/wp-content\/uploads\/2016\/05\/karting04-300x200.jpg 300w, http:\/\/comisiondeportivatouring.com\/site\/wp-content\/uploads\/2016\/05\/karting04.jpg 600w\" sizes=\"(max-width: 300px) 100vw, 300px\" \/>seguridad:<\/p>\n<p>&nbsp;<\/p>\n<p>* Casco.<br \/>\n* Protector de cuello.<br \/>\n* Protectores de codos y rodillas.<br \/>\n* Chaleco protector de costillas.<br \/>\n* Guantes.<br \/>\n* Botas altas.<\/p>\n","protected":false},"excerpt":{"rendered":"<p>Los karts ejercen sobre muchos de nosotros una rara fascinaci\u00f3n, a\u00fan desde peque\u00f1os, tal vez por su parecido a un<\/p>\n","protected":false},"author":1,"featured_media":0,"parent":0,"menu_order":0,"comment_status":"closed","ping_status":"closed","template":"","meta":[],"_links":{"self":[{"href":"http:\/\/comisiondeportivatouring.com\/site\/index.php\/wp-json\/wp\/v2\/pages\/111"}],"collection":[{"href":"http:\/\/comisiondeportivatouring.com\/site\/index.php\/wp-json\/wp\/v2\/pages"}],"about":[{"href":"http:\/\/comisiondeportivatouring.com\/site\/index.php\/wp-json\/wp\/v2\/types\/page"}],"author":[{"embeddable":true,"href":"http:\/\/comisiondeportivatouring.com\/site\/index.php\/wp-json\/wp\/v2\/users\/1"}],"replies":[{"embeddable":true,"href":"http:\/\/comisiondeportivatouring.com\/site\/index.php\/wp-json\/wp\/v2\/comments?post=111"}],"version-history":[{"count":3,"href":"http:\/\/comisiondeportivatouring.com\/site\/index.php\/wp-json\/wp\/v2\/pages\/111\/revisions"}],"predecessor-version":[{"id":125,"href":"http:\/\/comisiondeportivatouring.com\/site\/index.php\/wp-json\/wp\/v2\/pages\/111\/revisions\/125"}],"wp:attachment":[{"href":"http:\/\/comisiondeportivatouring.com\/site\/index.php\/wp-json\/wp\/v2\/media?parent=111"}],"curies":[{"name":"wp","href":"https:\/\/api.w.org\/{rel}","templated":true}]}}